{"id":1648,"date":"2025-10-07T10:34:12","date_gmt":"2025-10-07T13:34:12","guid":{"rendered":"https:\/\/broasdecenteio.com.br\/01\/?page_id=1648"},"modified":"2025-10-07T11:01:08","modified_gmt":"2025-10-07T14:01:08","slug":"patrimonio-cultural","status":"publish","type":"page","link":"https:\/\/broasdecenteio.com.br\/01\/patrimonio-cultural\/","title":{"rendered":"PATRIMONIO CULTURAL"},"content":{"rendered":"\t\t<div data-elementor-type=\"wp-page\" data-elementor-id=\"1648\" class=\"elementor elementor-1648\">\n\t\t\t\t\t\t<section class=\"elementor-section elementor-top-section elementor-element elementor-element-c9668db elementor-section-content-middle elementor-section-boxed elementor-section-height-default elementor-section-height-default wpr-particle-no wpr-jarallax-no wpr-parallax-no wpr-sticky-section-no\" data-id=\"c9668db\" data-element_type=\"section\" data-e-type=\"section\">\n\t\t\t\t\t\t<div class=\"elementor-container elementor-column-gap-default\">\n\t\t\t\t\t<div class=\"elementor-column elementor-col-33 elementor-top-column elementor-element elementor-element-2f6ecaa\" data-id=\"2f6ecaa\" data-element_type=\"column\" data-e-type=\"column\">\n\t\t\t<div class=\"elementor-widget-wrap\">\n\t\t\t\t\t\t\t<\/div>\n\t\t<\/div>\n\t\t\t\t<div class=\"elementor-column elementor-col-33 elementor-top-column elementor-element elementor-element-0b3b2ee\" data-id=\"0b3b2ee\" data-element_type=\"column\" data-e-type=\"column\">\n\t\t\t<div class=\"elementor-widget-wrap elementor-element-populated\">\n\t\t\t\t\t\t<div class=\"elementor-element elementor-element-bcbef33 elementor-widget elementor-widget-spacer\" data-id=\"bcbef33\" data-element_type=\"widget\" data-e-type=\"widget\" data-widget_type=\"spacer.default\">\n\t\t\t\t<div class=\"elementor-widget-container\">\n\t\t\t\t\t\t\t<div class=\"elementor-spacer\">\n\t\t\t<div class=\"elementor-spacer-inner\"><\/div>\n\t\t<\/div>\n\t\t\t\t\t\t<\/div>\n\t\t\t\t<\/div>\n\t\t\t\t<div class=\"elementor-element elementor-element-7db3a9f elementor-widget__width-initial elementor-widget elementor-widget-heading\" data-id=\"7db3a9f\" data-element_type=\"widget\" data-e-type=\"widget\" data-widget_type=\"heading.default\">\n\t\t\t\t<div class=\"elementor-widget-container\">\n\t\t\t\t\t<h2 class=\"elementor-heading-title elementor-size-default\">O Conselho Municipal de Patrim\u00f4nio Cultural de Curitiba, reconheceu  \u201cO saber fazer e apreciar Broas de Centeio como parte da identidade curitibana\u201d \n<\/h2>\t\t\t\t<\/div>\n\t\t\t\t<\/div>\n\t\t\t\t<div class=\"elementor-element elementor-element-9a9d1f7 elementor-widget elementor-widget-text-editor\" data-id=\"9a9d1f7\" data-element_type=\"widget\" data-e-type=\"widget\" data-widget_type=\"text-editor.default\">\n\t\t\t\t<div class=\"elementor-widget-container\">\n\t\t\t\t\t\t\t\t\t<p>Este reconhecimento\u00a0 que foi concedido em\u00a0 fevereiro de 2025 , soma-se\u00a0 a concess\u00e3o do selo de indica\u00e7\u00e3o geogr\u00e1fica concedida\u00a0 no m\u00eas anterior pelo Instituto Nacional da Propriedade Industrial.<\/p><p>O saber fazer e apreciar Broas de Centeio s\u00e3o parte, h\u00e1 mais de cento e cinquenta anos, da identidade curitibana. A confec\u00e7\u00e3o tradicional e artesanal destes p\u00e3es remonta-se ao processo de ocupa\u00e7\u00e3o deste territ\u00f3rio por colonos provenientes da Europa Central, que trouxeram na sua bagagem cultural o conhecimento do cultivo do centeio e o h\u00e1bito de se alimentar de p\u00e3es fabricados com este cereal. Registros hist\u00f3ricos mostram que, diferentemente de outros lugares, em Curitiba, as Broas de Centeio adquiriram com o tempo caracter\u00edsticas de produ\u00e7\u00e3o pr\u00f3prias, sendo as mais destacadas: a) a utiliza\u00e7\u00e3o da mistura de centeio e trigo, com uma elevada propor\u00e7\u00e3o de centeio (ao menos quarenta por cento) e b) a utiliza\u00e7\u00e3o de fermento natural como agente de leveda\u00e7\u00e3o. Al\u00e9m das caracter\u00edsticas mencionadas anteriormente as Broas de Centeio em Curitiba se diferenciam dos p\u00e3es com centeio produzidos em outras localidades do sul do pa\u00eds que receberam imigrantes de origens similares, pelo abandono precoce da utiliza\u00e7\u00e3o do milho e da batata como ingredientes. Mas, o principal diferencial \u00e9 a notoriedade e continuidade hist\u00f3rica de este alimento na capital paranaense, que com o tempo assumiu significados do conv\u00edvio social, no sentido de aquilo que une, que representa, sendo um elemento do que a coletividade \u00e9 e vivencia cotidianamente, assim como o que tem para oferecer. \u00c9 mais, \u00e9 o que de fato foi oferecido para ilustres visitantes, entre eles o Imperador do Brasil no s\u00e9culo XIX, e o Papa Jo\u00e3o Paulo II, no s\u00e9culo seguinte. Como assinala a Dra. Juliana Reinhardt, este h\u00e1bito alimentar, com o tempo transformou-se em tradi\u00e7\u00e3o culin\u00e1ria, que foi transmitida de gera\u00e7\u00e3o em gera\u00e7\u00e3o, nos lares e em v\u00e1rias padarias que atualmente s\u00e3o centen\u00e1rias, mantendo as Broas de Centeio como seu carro chefe at\u00e9 hoje. Al\u00e9m de ser, j\u00e1 na d\u00e9cada de 1930, ingrediente fundamental da Carne de On\u00e7a, as Broas de Centeio em Curitiba est\u00e3o cercadas de significados, hist\u00f3ria, identidade e mem\u00f3ria. O que para muitos curitibanos \u00e9 o \u201cp\u00e3o nosso de cada dia\u201d.\u00a0<\/p><p>Se quiser saber mais sobre o vinculo cultural das Broas de Centeio com a cidade de Curitiba, fa\u00e7a neste site o download do livro \u201c<a href=\"https:\/\/broasdecenteio.com.br\/01\/wp-content\/uploads\/2023\/03\/ISBN-978-65-80656-02-8-Botelho-Claudine-Luzardo-Os_221122_185856.pdf\" target=\"_blank\" rel=\"noopener\">Origem, notoriedade e continuidade hist\u00f3rica das Broas de Centeio de Curitiba<\/a>\u201d.\u00a0<\/p>\t\t\t\t\t\t\t\t<\/div>\n\t\t\t\t<\/div>\n\t\t\t\t\t<\/div>\n\t\t<\/div>\n\t\t\t\t<div class=\"elementor-column elementor-col-33 elementor-top-column elementor-element elementor-element-3013975\" data-id=\"3013975\" data-element_type=\"column\" data-e-type=\"column\">\n\t\t\t<div class=\"elementor-widget-wrap\">\n\t\t\t\t\t\t\t<\/div>\n\t\t<\/div>\n\t\t\t\t\t<\/div>\n\t\t<\/section>\n\t\t\t\t<section class=\"elementor-section elementor-top-section elementor-element elementor-element-5fd2203 elementor-section-boxed elementor-section-height-default elementor-section-height-default wpr-particle-no wpr-jarallax-no wpr-parallax-no wpr-sticky-section-no\" data-id=\"5fd2203\" data-element_type=\"section\" data-e-type=\"section\">\n\t\t\t\t\t\t<div class=\"elementor-container elementor-column-gap-default\">\n\t\t\t\t\t<div class=\"elementor-column elementor-col-33 elementor-top-column elementor-element elementor-element-d7f2947\" data-id=\"d7f2947\" data-element_type=\"column\" data-e-type=\"column\">\n\t\t\t<div class=\"elementor-widget-wrap\">\n\t\t\t\t\t\t\t<\/div>\n\t\t<\/div>\n\t\t\t\t<div class=\"elementor-column elementor-col-33 elementor-top-column elementor-element elementor-element-03fcaa7\" data-id=\"03fcaa7\" data-element_type=\"column\" data-e-type=\"column\">\n\t\t\t<div class=\"elementor-widget-wrap elementor-element-populated\">\n\t\t\t\t\t\t<div class=\"elementor-element elementor-element-9438025 elementor-widget elementor-widget-image\" data-id=\"9438025\" data-element_type=\"widget\" data-e-type=\"widget\" data-widget_type=\"image.default\">\n\t\t\t\t<div class=\"elementor-widget-container\">\n\t\t\t\t\t\t\t\t\t\t\t\t\t\t\t\t<a href=\"https:\/\/broasdecenteio.com.br\/01\/wp-content\/uploads\/2023\/03\/ISBN-978-65-80656-02-8-Botelho-Claudine-Luzardo-Os_221122_185856.pdf\">\n\t\t\t\t\t\t\t<img fetchpriority=\"high\" decoding=\"async\" width=\"726\" height=\"1024\" src=\"https:\/\/broasdecenteio.com.br\/01\/wp-content\/uploads\/2025\/02\/capa-broas-de-centeio-726x1024.jpg\" class=\"attachment-large size-large wp-image-1446\" alt=\"\" srcset=\"https:\/\/broasdecenteio.com.br\/01\/wp-content\/uploads\/2025\/02\/capa-broas-de-centeio-726x1024.jpg 726w, https:\/\/broasdecenteio.com.br\/01\/wp-content\/uploads\/2025\/02\/capa-broas-de-centeio-213x300.jpg 213w, https:\/\/broasdecenteio.com.br\/01\/wp-content\/uploads\/2025\/02\/capa-broas-de-centeio-768x1083.jpg 768w, https:\/\/broasdecenteio.com.br\/01\/wp-content\/uploads\/2025\/02\/capa-broas-de-centeio-1089x1536.jpg 1089w, https:\/\/broasdecenteio.com.br\/01\/wp-content\/uploads\/2025\/02\/capa-broas-de-centeio.jpg 1181w\" sizes=\"(max-width: 726px) 100vw, 726px\" \/>\t\t\t\t\t\t\t\t<\/a>\n\t\t\t\t\t\t\t\t\t\t\t\t\t\t\t<\/div>\n\t\t\t\t<\/div>\n\t\t\t\t\t<\/div>\n\t\t<\/div>\n\t\t\t\t<div class=\"elementor-column elementor-col-33 elementor-top-column elementor-element elementor-element-27c95d0\" data-id=\"27c95d0\" data-element_type=\"column\" data-e-type=\"column\">\n\t\t\t<div class=\"elementor-widget-wrap\">\n\t\t\t\t\t\t\t<\/div>\n\t\t<\/div>\n\t\t\t\t\t<\/div>\n\t\t<\/section>\n\t\t\t\t<\/div>\n\t\t","protected":false},"excerpt":{"rendered":"<p>O Conselho Municipal de Patrim\u00f4nio Cultural de Curitiba, reconheceu \u201cO saber fazer e apreciar Broas de Centeio como parte da identidade curitibana\u201d Este reconhecimento\u00a0 que foi concedido em\u00a0 fevereiro de 2025 , soma-se\u00a0 a concess\u00e3o do selo de indica\u00e7\u00e3o geogr\u00e1fica concedida\u00a0 no m\u00eas anterior pelo Instituto Nacional da Propriedade Industrial. O saber fazer e apreciar Broas de Centeio s\u00e3o parte, h\u00e1 mais de cento e cinquenta anos, da identidade curitibana. A confec\u00e7\u00e3o tradicional e artesanal destes p\u00e3es remonta-se ao processo de ocupa\u00e7\u00e3o deste territ\u00f3rio por colonos provenientes da Europa Central, que trouxeram na sua bagagem cultural o conhecimento do cultivo do centeio e o h\u00e1bito de se alimentar de p\u00e3es fabricados com este cereal. Registros hist\u00f3ricos mostram que, diferentemente de outros lugares, em Curitiba, as Broas de Centeio adquiriram com o tempo caracter\u00edsticas de produ\u00e7\u00e3o pr\u00f3prias, sendo as mais destacadas: a) a utiliza\u00e7\u00e3o da mistura de centeio e trigo, com uma elevada propor\u00e7\u00e3o de centeio (ao menos quarenta por cento) e b) a utiliza\u00e7\u00e3o de fermento natural como agente de leveda\u00e7\u00e3o. Al\u00e9m das caracter\u00edsticas mencionadas anteriormente as Broas de Centeio em Curitiba se diferenciam dos p\u00e3es com centeio produzidos em outras localidades do sul do pa\u00eds que receberam imigrantes de origens similares, pelo abandono precoce da utiliza\u00e7\u00e3o do milho e da batata como ingredientes. Mas, o principal diferencial \u00e9 a notoriedade e continuidade hist\u00f3rica de este alimento na capital paranaense, que com o tempo assumiu significados do conv\u00edvio social, no sentido de aquilo que une, que representa, sendo um elemento do que a coletividade \u00e9 e vivencia cotidianamente, assim como o que tem para oferecer. \u00c9 mais, \u00e9 o que de fato foi oferecido para ilustres visitantes, entre eles o Imperador do Brasil no s\u00e9culo XIX, e o Papa Jo\u00e3o Paulo II, no s\u00e9culo seguinte. Como assinala a Dra. Juliana Reinhardt, este h\u00e1bito alimentar, com o tempo transformou-se em tradi\u00e7\u00e3o culin\u00e1ria, que foi transmitida de gera\u00e7\u00e3o em gera\u00e7\u00e3o, nos lares e em v\u00e1rias padarias que atualmente s\u00e3o centen\u00e1rias, mantendo as Broas de Centeio como seu carro chefe at\u00e9 hoje. Al\u00e9m de ser, j\u00e1 na d\u00e9cada de 1930, ingrediente fundamental da Carne de On\u00e7a, as Broas de Centeio em Curitiba est\u00e3o cercadas de significados, hist\u00f3ria, identidade e mem\u00f3ria. O que para muitos curitibanos \u00e9 o \u201cp\u00e3o nosso de cada dia\u201d.\u00a0 Se quiser saber mais sobre o vinculo cultural das Broas de Centeio com a cidade de Curitiba, fa\u00e7a neste site o download do livro \u201cOrigem, notoriedade e continuidade hist\u00f3rica das Broas de Centeio de Curitiba\u201d.\u00a0<\/p>\n","protected":false},"author":1,"featured_media":0,"parent":0,"menu_order":0,"comment_status":"closed","ping_status":"closed","template":"page-templates\/template-pagebuilder-full-width.php","meta":{"neve_meta_sidebar":"","neve_meta_container":"","neve_meta_enable_content_width":"","neve_meta_content_width":0,"neve_meta_title_alignment":"","neve_meta_author_avatar":"","neve_post_elements_order":"","neve_meta_disable_header":"","neve_meta_disable_footer":"","neve_meta_disable_title":"","footnotes":""},"class_list":["post-1648","page","type-page","status-publish","hentry"],"_links":{"self":[{"href":"https:\/\/broasdecenteio.com.br\/01\/wp-json\/wp\/v2\/pages\/1648","targetHints":{"allow":["GET"]}}],"collection":[{"href":"https:\/\/broasdecenteio.com.br\/01\/wp-json\/wp\/v2\/pages"}],"about":[{"href":"https:\/\/broasdecenteio.com.br\/01\/wp-json\/wp\/v2\/types\/page"}],"author":[{"embeddable":true,"href":"https:\/\/broasdecenteio.com.br\/01\/wp-json\/wp\/v2\/users\/1"}],"replies":[{"embeddable":true,"href":"https:\/\/broasdecenteio.com.br\/01\/wp-json\/wp\/v2\/comments?post=1648"}],"version-history":[{"count":13,"href":"https:\/\/broasdecenteio.com.br\/01\/wp-json\/wp\/v2\/pages\/1648\/revisions"}],"predecessor-version":[{"id":1667,"href":"https:\/\/broasdecenteio.com.br\/01\/wp-json\/wp\/v2\/pages\/1648\/revisions\/1667"}],"wp:attachment":[{"href":"https:\/\/broasdecenteio.com.br\/01\/wp-json\/wp\/v2\/media?parent=1648"}],"curies":[{"name":"wp","href":"https:\/\/api.w.org\/{rel}","templated":true}]}}

<div data-elementor-type="wp-page" data-elementor-id="1648" class="elementor elementor-1648">
						<section class="elementor-section elementor-top-section elementor-element elementor-element-c9668db elementor-section-content-middle elementor-section-boxed elementor-section-height-default elementor-section-height-default wpr-particle-no wpr-jarallax-no wpr-parallax-no wpr-sticky-section-no" data-id="c9668db" data-element_type="section" data-e-type="section">
						<div class="elementor-container elementor-column-gap-default">
					<div class="elementor-column elementor-col-33 elementor-top-column elementor-element elementor-element-2f6ecaa" data-id="2f6ecaa" data-element_type="column" data-e-type="column">
			<div class="elementor-widget-wrap">
							</div>
		</div>
				<div class="elementor-column elementor-col-33 elementor-top-column elementor-element elementor-element-0b3b2ee" data-id="0b3b2ee" data-element_type="column" data-e-type="column">
			<div class="elementor-widget-wrap elementor-element-populated">
						<div class="elementor-element elementor-element-bcbef33 elementor-widget elementor-widget-spacer" data-id="bcbef33" data-element_type="widget" data-e-type="widget" data-widget_type="spacer.default">
				<div class="elementor-widget-container">
							<div class="elementor-spacer">
			<div class="elementor-spacer-inner"></div>
		</div>
						</div>
				</div>
				<div class="elementor-element elementor-element-7db3a9f elementor-widget__width-initial elementor-widget elementor-widget-heading" data-id="7db3a9f" data-element_type="widget" data-e-type="widget" data-widget_type="heading.default">
				<div class="elementor-widget-container">
					<h2 class="elementor-heading-title elementor-size-default">O Conselho Municipal de Patrimônio Cultural de Curitiba, reconheceu  “O saber fazer e apreciar Broas de Centeio como parte da identidade curitibana” 
</h2>				</div>
				</div>
				<div class="elementor-element elementor-element-9a9d1f7 elementor-widget elementor-widget-text-editor" data-id="9a9d1f7" data-element_type="widget" data-e-type="widget" data-widget_type="text-editor.default">
				<div class="elementor-widget-container">
									<p>Este reconhecimento  que foi concedido em  fevereiro de 2025 , soma-se  a concessão do selo de indicação geográfica concedida  no mês anterior pelo Instituto Nacional da Propriedade Industrial.</p><p>O saber fazer e apreciar Broas de Centeio são parte, há mais de cento e cinquenta anos, da identidade curitibana. A confecção tradicional e artesanal destes pães remonta-se ao processo de ocupação deste território por colonos provenientes da Europa Central, que trouxeram na sua bagagem cultural o conhecimento do cultivo do centeio e o hábito de se alimentar de pães fabricados com este cereal. Registros históricos mostram que, diferentemente de outros lugares, em Curitiba, as Broas de Centeio adquiriram com o tempo características de produção próprias, sendo as mais destacadas: a) a utilização da mistura de centeio e trigo, com uma elevada proporção de centeio (ao menos quarenta por cento) e b) a utilização de fermento natural como agente de levedação. Além das características mencionadas anteriormente as Broas de Centeio em Curitiba se diferenciam dos pães com centeio produzidos em outras localidades do sul do país que receberam imigrantes de origens similares, pelo abandono precoce da utilização do milho e da batata como ingredientes. Mas, o principal diferencial é a notoriedade e continuidade histórica de este alimento na capital paranaense, que com o tempo assumiu significados do convívio social, no sentido de aquilo que une, que representa, sendo um elemento do que a coletividade é e vivencia cotidianamente, assim como o que tem para oferecer. É mais, é o que de fato foi oferecido para ilustres visitantes, entre eles o Imperador do Brasil no século XIX, e o Papa João Paulo II, no século seguinte. Como assinala a Dra. Juliana Reinhardt, este hábito alimentar, com o tempo transformou-se em tradição culinária, que foi transmitida de geração em geração, nos lares e em várias padarias que atualmente são centenárias, mantendo as Broas de Centeio como seu carro chefe até hoje. Além de ser, já na década de 1930, ingrediente fundamental da Carne de Onça, as Broas de Centeio em Curitiba estão cercadas de significados, história, identidade e memória. O que para muitos curitibanos é o “pão nosso de cada dia”. </p><p>Se quiser saber mais sobre o vinculo cultural das Broas de Centeio com a cidade de Curitiba, faça neste site o download do livro “<a href="https://broasdecenteio.com.br/01/wp-content/uploads/2023/03/ISBN-978-65-80656-02-8-Botelho-Claudine-Luzardo-Os_221122_185856.pdf" target="_blank" rel="noopener">Origem, notoriedade e continuidade histórica das Broas de Centeio de Curitiba</a>”. </p>								</div>
				</div>
					</div>
		</div>
				<div class="elementor-column elementor-col-33 elementor-top-column elementor-element elementor-element-3013975" data-id="3013975" data-element_type="column" data-e-type="column">
			<div class="elementor-widget-wrap">
							</div>
		</div>
					</div>
		</section>
				<section class="elementor-section elementor-top-section elementor-element elementor-element-5fd2203 elementor-section-boxed elementor-section-height-default elementor-section-height-default wpr-particle-no wpr-jarallax-no wpr-parallax-no wpr-sticky-section-no" data-id="5fd2203" data-element_type="section" data-e-type="section">
						<div class="elementor-container elementor-column-gap-default">
					<div class="elementor-column elementor-col-33 elementor-top-column elementor-element elementor-element-d7f2947" data-id="d7f2947" data-element_type="column" data-e-type="column">
			<div class="elementor-widget-wrap">
							</div>
		</div>
				<div class="elementor-column elementor-col-33 elementor-top-column elementor-element elementor-element-03fcaa7" data-id="03fcaa7" data-element_type="column" data-e-type="column">
			<div class="elementor-widget-wrap elementor-element-populated">
						<div class="elementor-element elementor-element-9438025 elementor-widget elementor-widget-image" data-id="9438025" data-element_type="widget" data-e-type="widget" data-widget_type="image.default">
				<div class="elementor-widget-container">
																<a href="https://broasdecenteio.com.br/01/wp-content/uploads/2023/03/ISBN-978-65-80656-02-8-Botelho-Claudine-Luzardo-Os_221122_185856.pdf">
							<img fetchpriority="high" decoding="async" width="726" height="1024" src="https://broasdecenteio.com.br/01/wp-content/uploads/2025/02/capa-broas-de-centeio-726x1024.jpg" class="attachment-large size-large wp-image-1446" alt="" srcset="https://broasdecenteio.com.br/01/wp-content/uploads/2025/02/capa-broas-de-centeio-726x1024.jpg 726w, https://broasdecenteio.com.br/01/wp-content/uploads/2025/02/capa-broas-de-centeio-213x300.jpg 213w, https://broasdecenteio.com.br/01/wp-content/uploads/2025/02/capa-broas-de-centeio-768x1083.jpg 768w, https://broasdecenteio.com.br/01/wp-content/uploads/2025/02/capa-broas-de-centeio-1089x1536.jpg 1089w, https://broasdecenteio.com.br/01/wp-content/uploads/2025/02/capa-broas-de-centeio.jpg 1181w" sizes="(max-width: 726px) 100vw, 726px" />								</a>
															</div>
				</div>
					</div>
		</div>
				<div class="elementor-column elementor-col-33 elementor-top-column elementor-element elementor-element-27c95d0" data-id="27c95d0" data-element_type="column" data-e-type="column">
			<div class="elementor-widget-wrap">
							</div>
		</div>
					</div>
		</section>
				</div>

<p>O Conselho Municipal de Patrimônio Cultural de Curitiba, reconheceu “O saber fazer e apreciar Broas de Centeio como parte da identidade curitibana” Este reconhecimento  que foi concedido em  fevereiro de 2025 , soma-se  a concessão do selo de indicação geográfica concedida  no mês anterior pelo Instituto Nacional da Propriedade Industrial. O saber fazer e apreciar Broas de Centeio são parte, há mais de cento e cinquenta anos, da identidade curitibana. A confecção tradicional e artesanal destes pães remonta-se ao processo de ocupação deste território por colonos provenientes da Europa Central, que trouxeram na sua bagagem cultural o conhecimento do cultivo do centeio e o hábito de se alimentar de pães fabricados com este cereal. Registros históricos mostram que, diferentemente de outros lugares, em Curitiba, as Broas de Centeio adquiriram com o tempo características de produção próprias, sendo as mais destacadas: a) a utilização da mistura de centeio e trigo, com uma elevada proporção de centeio (ao menos quarenta por cento) e b) a utilização de fermento natural como agente de levedação. Além das características mencionadas anteriormente as Broas de Centeio em Curitiba se diferenciam dos pães com centeio produzidos em outras localidades do sul do país que receberam imigrantes de origens similares, pelo abandono precoce da utilização do milho e da batata como ingredientes. Mas, o principal diferencial é a notoriedade e continuidade histórica de este alimento na capital paranaense, que com o tempo assumiu significados do convívio social, no sentido de aquilo que une, que representa, sendo um elemento do que a coletividade é e vivencia cotidianamente, assim como o que tem para oferecer. É mais, é o que de fato foi oferecido para ilustres visitantes, entre eles o Imperador do Brasil no século XIX, e o Papa João Paulo II, no século seguinte. Como assinala a Dra. Juliana Reinhardt, este hábito alimentar, com o tempo transformou-se em tradição culinária, que foi transmitida de geração em geração, nos lares e em várias padarias que atualmente são centenárias, mantendo as Broas de Centeio como seu carro chefe até hoje. Além de ser, já na década de 1930, ingrediente fundamental da Carne de Onça, as Broas de Centeio em Curitiba estão cercadas de significados, história, identidade e memória. O que para muitos curitibanos é o “pão nosso de cada dia”.  Se quiser saber mais sobre o vinculo cultural das Broas de Centeio com a cidade de Curitiba, faça neste site o download do livro “Origem, notoriedade e continuidade histórica das Broas de Centeio de Curitiba”. </p>
